{"id":46,"date":"2026-02-13T15:22:24","date_gmt":"2026-02-13T14:22:24","guid":{"rendered":"https:\/\/mbnp.fastllama.pl\/?page_id=46"},"modified":"2026-02-13T16:11:54","modified_gmt":"2026-02-13T15:11:54","slug":"pokuta-i-pojednanie","status":"publish","type":"page","link":"https:\/\/mbnp.fastllama.pl\/?page_id=46","title":{"rendered":"Pokuta i pojednanie"},"content":{"rendered":"\t\t<div data-elementor-type=\"wp-page\" data-elementor-id=\"46\" class=\"elementor elementor-46\">\n\t\t\t\t<div class=\"elementor-element elementor-element-a114a65 e-flex e-con-boxed e-con e-parent\" data-id=\"a114a65\" data-element_type=\"container\" data-e-type=\"container\">\n\t\t\t\t\t<div class=\"e-con-inner\">\n\t\t\t\t<div class=\"elementor-element elementor-element-9b8c66b elementor-widget elementor-widget-spacer\" data-id=\"9b8c66b\" data-element_type=\"widget\" data-e-type=\"widget\" data-widget_type=\"spacer.default\">\n\t\t\t\t\t\t\t<div class=\"elementor-spacer\">\n\t\t\t<div class=\"elementor-spacer-inner\"><\/div>\n\t\t<\/div>\n\t\t\t\t\t\t<\/div>\n\t\t\t\t\t<\/div>\n\t\t\t\t<\/div>\n\t\t<div class=\"elementor-element elementor-element-f7b2c40 e-flex e-con-boxed e-con e-parent\" data-id=\"f7b2c40\" data-element_type=\"container\" data-e-type=\"container\">\n\t\t\t\t\t<div class=\"e-con-inner\">\n\t\t<div class=\"elementor-element elementor-element-e7d019d e-con-full e-flex e-con e-child\" data-id=\"e7d019d\" data-element_type=\"container\" data-e-type=\"container\">\n\t\t\t\t<div class=\"elementor-element elementor-element-a614678 elementor-widget elementor-widget-image\" data-id=\"a614678\" data-element_type=\"widget\" data-e-type=\"widget\" data-widget_type=\"image.default\">\n\t\t\t\t\t\t\t\t\t\t\t\t\t\t\t<img fetchpriority=\"high\" decoding=\"async\" width=\"1024\" height=\"683\" src=\"https:\/\/mbnp.fastllama.pl\/wp-content\/uploads\/2026\/02\/close-up-person-confession-1024x683.jpg\" class=\"attachment-large size-large wp-image-161\" alt=\"\" srcset=\"https:\/\/mbnp.fastllama.pl\/wp-content\/uploads\/2026\/02\/close-up-person-confession-1024x683.jpg 1024w, https:\/\/mbnp.fastllama.pl\/wp-content\/uploads\/2026\/02\/close-up-person-confession-300x200.jpg 300w, https:\/\/mbnp.fastllama.pl\/wp-content\/uploads\/2026\/02\/close-up-person-confession-768x512.jpg 768w, https:\/\/mbnp.fastllama.pl\/wp-content\/uploads\/2026\/02\/close-up-person-confession-1536x1024.jpg 1536w, https:\/\/mbnp.fastllama.pl\/wp-content\/uploads\/2026\/02\/close-up-person-confession-2048x1365.jpg 2048w\" sizes=\"(max-width: 1024px) 100vw, 1024px\" \/>\t\t\t\t\t\t\t\t\t\t\t\t\t\t\t<\/div>\n\t\t\t\t<\/div>\n\t\t<div class=\"elementor-element elementor-element-f8a530a e-con-full e-flex e-con e-child\" data-id=\"f8a530a\" data-element_type=\"container\" data-e-type=\"container\">\n\t\t\t\t<div class=\"elementor-element elementor-element-d5e9885 elementor-widget elementor-widget-heading\" data-id=\"d5e9885\" data-element_type=\"widget\" data-e-type=\"widget\" data-widget_type=\"heading.default\">\n\t\t\t\t\t<h2 class=\"elementor-heading-title elementor-size-default\">Sakrament pokuty i pojednania<\/h2>\t\t\t\t<\/div>\n\t\t\t\t<div class=\"elementor-element elementor-element-8ba5ad3 elementor-widget elementor-widget-text-editor\" data-id=\"8ba5ad3\" data-element_type=\"widget\" data-e-type=\"widget\" data-widget_type=\"text-editor.default\">\n\t\t\t\t\t\t\t\t\t<p>\u201eCi za\u015b, kt\u00f3rzy przyst\u0119puj\u0105 do sakramentu pokuty, otrzymuj\u0105 od mi\u0142osierdzia Bo\u017cego przebaczenie zniewagi wyrz\u0105dzonej Bogu i r\u00f3wnocze\u015bnie dost\u0119puj\u0105 pojednania z Ko\u015bcio\u0142em, kt\u00f3remu, grzesz\u0105c, zadali ran\u0119, a kt\u00f3ry przyczynia si\u0119 do ich nawr\u00f3cenia mi\u0142o\u015bci\u0105, przyk\u0142adem i modlitw\u0105.\u201d<\/p><p>(KKK 1422)<\/p>\t\t\t\t\t\t\t\t<\/div>\n\t\t\t\t<\/div>\n\t\t\t\t\t<\/div>\n\t\t\t\t<\/div>\n\t\t<div class=\"elementor-element elementor-element-2f2efcd e-flex e-con-boxed e-con e-parent\" data-id=\"2f2efcd\" data-element_type=\"container\" data-e-type=\"container\">\n\t\t\t\t\t<div class=\"e-con-inner\">\n\t\t\t\t<div class=\"elementor-element elementor-element-0f0b936 elementor-widget elementor-widget-text-editor\" data-id=\"0f0b936\" data-element_type=\"widget\" data-e-type=\"widget\" data-widget_type=\"text-editor.default\">\n\t\t\t\t\t\t\t\t\t<p>Sama wiara bez uczynk\u00f3w \u2013 jak m\u00f3wi \u015bw. Jakub \u2013 jest martwa i nie zapewnia zjednoczenia z Bogiem (por. Jk 2,14-19). Kto nie mi\u0142uje, ten trwa w duchowej \u015bmierci (por. 1 J 3,14). U\u015bmiercenie koniecznej do zbawienia mi\u0142o\u015bci, rozlewanej w sercach ludzkich przez Ducha \u015awi\u0119tego (por. Rz 5,5), nast\u0119puje wtedy, gdy cz\u0142owiek ca\u0142kowicie \u015bwiadomie i dobrowolnie, z wewn\u0119trznym zaanga\u017cowaniem decyduje si\u0119 na takie czyny, kt\u00f3re s\u0105 zaprzeczeniem mi\u0142o\u015bci do Boga i do ludzi. Nie mo\u017cna bowiem ca\u0142kowicie \u015bwiadomie nie mi\u0142owa\u0107 i r\u00f3wnocze\u015bnie trwa\u0107 w jedno\u015bci z Bogiem-Mi\u0142o\u015bci\u0105, posiada\u0107 Jego Bo\u017c\u0105 mi\u0142o\u015b\u0107 w sobie. Jego \u015bwi\u0119to\u015b\u0107 i sprawiedliwo\u015b\u0107. Jedno bowiem zaprzecza drugiemu.<\/p><p><br \/>Niekt\u00f3rzy ludzie ulegaj\u0105 mylnemu przekonaniu, \u017ce cz\u0142owiek sam mo\u017ce uwolni\u0107 si\u0119 od grzechu przez naprawienie szk\u00f3d, np. odwo\u0142uj\u0105c oszczerstwo, krzywoprzysi\u0119stwo itp. Wszelkie formy naprawiania z\u0142a s\u0105 po\u017cyteczne i konieczne. Jednak nikt by si\u0119 ich nie podj\u0105\u0142, gdyby nie sk\u0142oni\u0142 go do tego B\u00f3g swoj\u0105 \u0142ask\u0105. Z drugiej strony naprawienie wyrz\u0105dzonego z\u0142a, cho\u0107 nieodzowne, nie przywr\u00f3ci nikomu utraconego \u017cycia w zjednoczeniu z Tr\u00f3jc\u0105 \u015awi\u0119t\u0105, gdy\u017c tego mo\u017ce dokona\u0107 tylko \u0142aska Bo\u017ca. Sam tylko B\u00f3g potrafi na powr\u00f3t zjednoczy\u0107 grzesznika ze sob\u0105, o ile ten szczerze, z mi\u0142o\u015bci \u017ca\u0142uje. Trzeba jednak zaznaczy\u0107, \u017ce nikt nie zdoby\u0142by si\u0119 na szczery \u017cal, gdyby do tego nie zosta\u0142 uprzednio uzdolniony \u0142ask\u0105 Bo\u017c\u0105. Pojednanie \u017ca\u0142uj\u0105cego cz\u0142owieka z Bogiem dokonuje On sam w sakramencie pokuty. Grzesznik podobny jest do zab\u0142\u0105kanej owcy, kt\u00f3ra sama nie potrafi powr\u00f3ci\u0107 do owczarni, lub \u2013 do zgubionej drachmy, kt\u00f3ra sama nie umie si\u0119 odnale\u017a\u0107 (por. \u0141k 15,1-10). Pasterz musi przyj\u015b\u0107 z pomoc\u0105 zagubionej owcy. Podobnie z pomoc\u0105 spieszy grzesznikowi B\u00f3g, udzielaj\u0105cy mu \u0142aski \u017calu i pobudzaj\u0105cy go do zmiany \u017cycia. Kto podj\u0105\u0142 ofiarowane mu przez Bo\u017c\u0105 \u0142ask\u0119 zaproszenie do \u017calu, skruchy i zmiany \u017cycia, ten dost\u0119puje przebaczenia grzech\u00f3w i odzyskuje dar \u017cycia w nadprzyrodzonym zjednoczeniu z Tr\u00f3jc\u0105 \u015awi\u0119t\u0105, czyli dar \u017cycia Bo\u017cego.<\/p><p><br \/>Zmartwychwsta\u0142y Pan ukaza\u0142 si\u0119 swoim aposto\u0142om. Udzieli\u0142 im Ducha \u015awi\u0119tego i powiedzia\u0142: \u201eWe\u017amijcie Ducha \u015awi\u0119tego! Kt\u00f3rym odpu\u015bcicie grzechy, s\u0105 im odpuszczone, a kt\u00f3rym zatrzymacie, s\u0105 im zatrzymane\u201d (J 20,22-23). \u015aw. Jakub pisze: \u201eWyznawajcie zatem sobie nawzajem grzechy\u201d (Jk 5,16). W momencie \u015bwi\u0119ce\u0144 Duch \u015awi\u0119ty tak\u017ce kap\u0142an\u00f3w obdarowuje moc\u0105 odpuszczania grzech\u00f3w.<\/p><p><br \/>Sakrament pojednania jest spotkaniem z mi\u0142osiernym Zbawicielem. Przyst\u0119puj\u0105c do tego sakramentu powinni\u015bmy dobrze o tym pami\u0119ta\u0107. Cz\u0119sto bowiem, przygotowuj\u0105c si\u0119 do spowiedzi, my\u015blimy przede wszystkim o spowiedniku: jak si\u0119 zachowa, co nam powie, czy nie b\u0119dzie krzycza\u0142, zadawa\u0142 pyta\u0144, albo te\u017c zastanawiamy si\u0119, jak przedstawi\u0107 mu swoje grzechy, aby \u201edobrze wypa\u015b\u0107\u201d. Tymczasem w sakramencie pojednania spotykamy si\u0119 przede wszystkim z dobrym i kochaj\u0105cym Chrystusem. Przez kap\u0142ana m\u00f3wi On do nas s\u0142owa podobne do tych, kt\u00f3re skierowa\u0142 do kobiety pochwyconej na cudzo\u0142\u00f3stwie. Podczas gdy faryzeusze i uczeni w Pi\u015bmie chcieli j\u0105 zabi\u0107, Jezus powiedzia\u0142 do niej: \u201eNikt ci\u0119 nie pot\u0119pi\u0142? I Ja ciebie nie pot\u0119piam. Id\u017a, a od tej chwili ju\u017c nie grzesz\u201d (por. J 8,11). Dobro\u0107 Boga, przebaczaj\u0105cego nam grzechy, przypominaj\u0105 nam s\u0142owa rozgrzeszenia, wypowiadane przez kap\u0142ana: \u201eB\u00f3g, Ojciec mi\u0142osierdzia, kt\u00f3ry pojedna\u0142 \u015bwiat ze sob\u0105 przez \u015bmier\u0107 i zmartwychwstanie swojego Syna i zes\u0142a\u0142 Ducha \u015awi\u0119tego na odpuszczenie grzech\u00f3w, niech ci udzieli przebaczenia i pokoju przez pos\u0142ug\u0119 Ko\u015bcio\u0142a. I ja odpuszczam tobie grzechy w imi\u0119 Ojca i Syna, i Ducha \u015awi\u0119tego. Amen\u201d. Tak\u017ce ko\u0144cowe s\u0142owa spowiednika przypominaj\u0105 nam radosn\u0105 wie\u015b\u0107, \u017ce B\u00f3g uwolni\u0142 nas w tym sakramencie od grzech\u00f3w. Kap\u0142an m\u00f3wi: \u201eWys\u0142awiajmy Boga , bo jest dobry. \u2013 Bo Jego mi\u0142osierdzie trwa na wieki. \u2013 Pan odpu\u015bci\u0142 tobie grzechy. Id\u017a w pokoju\u201d. Albo: \u201ePan ciebie uwolni\u0142 od grzechu, niech da ci udzia\u0142 w swoim kr\u00f3lestwie. Jemu chwa\u0142a na wieki wiek\u00f3w. Amen\u201d. Albo: \u201eSzcz\u0119\u015bliwy cz\u0142owiek, kt\u00f3remu zostanie odpuszczona wina, a jego grzech zapomniany. Raduj si\u0119 i wesel w Panu. Id\u017a w pokoju!\u201d Albo: \u201eId\u017a w pokoju i g\u0142o\u015b \u015bwiatu cudowne dzie\u0142a Boga, kt\u00f3ry ci\u0119 zbawi\u0142\u201d.<\/p><p><br \/>Kto popad\u0142 w grzechy \u015bmiertelne, zwane ci\u0119\u017ckimi, podobny jest do syna marnotrawnego, kt\u00f3ry nie tylko porzuci\u0142 ojca i brata, ale ponadto roztrwoni\u0142 ojcowski maj\u0105tek. Grzech ci\u0119\u017cki polega na tym, \u017ce cz\u0142owiek trwoni otrzymane w sakramencie chrztu \u2013 a wys\u0142u\u017cone przez bolesn\u0105 m\u0119k\u0119 i \u015bmier\u0107 krzy\u017cow\u0105 Chrystusa \u2013 dary, \u017ce niszczy w sobie dar \u017cycia Bo\u017cego, oddalaj\u0105c si\u0119 tym samym od Boga. Przez sw\u00f3j grzech cz\u0142owiek oddala si\u0119 tak\u017ce od wsp\u00f3lnoty Ko\u015bcio\u0142a. Kiedy syn marnotrawny, skruszony, postanowi\u0142 wr\u00f3ci\u0107. Ojciec wyszed\u0142 mu naprzeciw, rzuci\u0142 mu si\u0119 na szyj\u0119, uca\u0142owa\u0142 go, przebaczy\u0142 mu wszystko, wprowadzi\u0142 do domu i obdarowa\u0142 cennymi darami: pier\u015bcieniem, sukni\u0105 i sanda\u0142ami. Co\u015b podobnego dokonuje si\u0119 w sakramencie pojednania. Nast\u0119puje wtedy pojednanie grzesznika z Bogiem i Ko\u015bcio\u0142em, zostaj\u0105 mu przebaczone wszystkie grzechy i przywr\u00f3cone utracone dary nadprzyrodzone, g\u0142\u00f3wnie dar \u017cycia Bo\u017cego.<br \/>Przyst\u0119powanie do sakramentu pojednania ma sens nawet w wypadku, gdy kto\u015b nie pope\u0142ni\u0142 grzechu ci\u0119\u017ckiego i cz\u0119sto przyst\u0119puje do Komunii \u015bw., w kt\u00f3rej doznaje oczyszczenia z grzech\u00f3w lekkich oraz umocnienia w wierze i mi\u0142o\u015bci. Sakrament pokuty \u2013 to nowe spotkanie ze Zbawicielem udzielaj\u0105cym swojej \u0142aski, umacniaj\u0105cym mi\u0142o\u015b\u0107, dodaj\u0105cym otuchy do walki z grzechami i wnosz\u0105cym pok\u00f3j w nasze \u017cycie. Sakrament ten mobilizuje nas ponadto do osobistego zaanga\u017cowania si\u0119 w przemian\u0119 swego \u017cycia. Cho\u0107 spowiedzi nie mo\u017cna traktowa\u0107 wy\u0142\u0105cznie jako psychologicznego \u0107wiczenia, jednak wszystkie \u015bwiadome czynno\u015bci zwi\u0105zane z przygotowaniem si\u0119 do tego sakramentu maj\u0105 swoje znaczenie, gdy\u017c pobudzaj\u0105 nas do przemiany siebie. Wyra\u017ca si\u0119 to w zrobieniu rachunku sumienia, w \u017calu za grzechy, w postanowieniu poprawy, w przyznaniu si\u0119 przed kap\u0142anem do swoich upadk\u00f3w i w zado\u015b\u0107uczynieniu. Ta mobilizacja wewn\u0119trzna, opr\u00f3cz \u0142aski sakramentalnej, przyczynia si\u0119 do radykalniejszego zrywania z grzechem i do wzrostu w bezinteresownej mi\u0142o\u015bci.<\/p><p><strong>Warunki dobrej spowiedzi:<\/strong><br \/>1. Rachunek sumienia.<br \/>2. \u017bal za grzechy.<br \/>3. Mocne postanowienie poprawy.<br \/>4. Spowied\u017a szczera.<br \/>5. Zado\u015b\u0107uczynienie Panu Bogu i bli\u017aniemu.<\/p><p><strong>W naszej parafii spowiadamy:<br \/><\/strong>\u2022\u00a0W dni powszednie od 6.30,\u00a0 8.00, 12.00, 18.30.<br \/>\u2022\u00a0W niedziel\u0119 spowied\u017a rozpoczynamy 15 minut przed ka\u017cda Msz\u0105 \u015bw.<br \/>\u2022\u00a0Ponadto istnieje mo\u017cliwo\u015b\u0107 um\u00f3wienia si\u0119 na spowied\u017a lub rozmow\u0119 z wybranym przez siebie spowiednikiem.<\/p><div>\u00a0<\/div><div>\u00a0<\/div>\t\t\t\t\t\t\t\t<\/div>\n\t\t\t\t\t<\/div>\n\t\t\t\t<\/div>\n\t\t\t\t<\/div>\n\t\t","protected":false},"excerpt":{"rendered":"<p>Sakrament pokuty i pojednania \u201eCi za\u015b, kt\u00f3rzy przyst\u0119puj\u0105 do sakramentu pokuty, otrzymuj\u0105 od mi\u0142osierdzia Bo\u017cego przebaczenie zniewagi wyrz\u0105dzonej Bogu i r\u00f3wnocze\u015bnie dost\u0119puj\u0105 pojednania z Ko\u015bcio\u0142em, kt\u00f3remu, grzesz\u0105c, zadali ran\u0119, a kt\u00f3ry przyczynia si\u0119 do ich nawr\u00f3cenia mi\u0142o\u015bci\u0105, przyk\u0142adem i modlitw\u0105.\u201d (KKK 1422) Sama wiara bez uczynk\u00f3w \u2013 jak m\u00f3wi \u015bw. Jakub \u2013 jest martwa i [&hellip;]<\/p>\n","protected":false},"author":1,"featured_media":0,"parent":14,"menu_order":0,"comment_status":"closed","ping_status":"closed","template":"","meta":{"footnotes":""},"class_list":["post-46","page","type-page","status-publish","hentry"],"_links":{"self":[{"href":"https:\/\/mbnp.fastllama.pl\/index.php?rest_route=\/wp\/v2\/pages\/46","targetHints":{"allow":["GET"]}}],"collection":[{"href":"https:\/\/mbnp.fastllama.pl\/index.php?rest_route=\/wp\/v2\/pages"}],"about":[{"href":"https:\/\/mbnp.fastllama.pl\/index.php?rest_route=\/wp\/v2\/types\/page"}],"author":[{"embeddable":true,"href":"https:\/\/mbnp.fastllama.pl\/index.php?rest_route=\/wp\/v2\/users\/1"}],"replies":[{"embeddable":true,"href":"https:\/\/mbnp.fastllama.pl\/index.php?rest_route=%2Fwp%2Fv2%2Fcomments&post=46"}],"version-history":[{"count":7,"href":"https:\/\/mbnp.fastllama.pl\/index.php?rest_route=\/wp\/v2\/pages\/46\/revisions"}],"predecessor-version":[{"id":167,"href":"https:\/\/mbnp.fastllama.pl\/index.php?rest_route=\/wp\/v2\/pages\/46\/revisions\/167"}],"up":[{"embeddable":true,"href":"https:\/\/mbnp.fastllama.pl\/index.php?rest_route=\/wp\/v2\/pages\/14"}],"wp:attachment":[{"href":"https:\/\/mbnp.fastllama.pl\/index.php?rest_route=%2Fwp%2Fv2%2Fmedia&parent=46"}],"curies":[{"name":"wp","href":"https:\/\/api.w.org\/{rel}","templated":true}]}}