{"id":34,"date":"2026-02-13T15:21:00","date_gmt":"2026-02-13T14:21:00","guid":{"rendered":"https:\/\/mbnp.fastllama.pl\/?page_id=34"},"modified":"2026-03-19T10:10:14","modified_gmt":"2026-03-19T09:10:14","slug":"duszpasterze","status":"publish","type":"page","link":"https:\/\/mbnp.fastllama.pl\/?page_id=34","title":{"rendered":"Duszpasterze"},"content":{"rendered":"\t\t<div data-elementor-type=\"wp-page\" data-elementor-id=\"34\" class=\"elementor elementor-34\">\n\t\t\t\t<div class=\"elementor-element elementor-element-d72b913 e-flex e-con-boxed e-con e-parent\" data-id=\"d72b913\" data-element_type=\"container\" data-e-type=\"container\">\n\t\t\t\t\t<div class=\"e-con-inner\">\n\t\t\t\t<div class=\"elementor-element elementor-element-0fd102c elementor-widget elementor-widget-spacer\" data-id=\"0fd102c\" data-element_type=\"widget\" data-e-type=\"widget\" data-widget_type=\"spacer.default\">\n\t\t\t\t\t\t\t<div class=\"elementor-spacer\">\n\t\t\t<div class=\"elementor-spacer-inner\"><\/div>\n\t\t<\/div>\n\t\t\t\t\t\t<\/div>\n\t\t\t\t<div class=\"elementor-element elementor-element-d848c13 elementor-widget elementor-widget-heading\" data-id=\"d848c13\" data-element_type=\"widget\" data-e-type=\"widget\" data-widget_type=\"heading.default\">\n\t\t\t\t\t<h2 class=\"elementor-heading-title elementor-size-default\">Duszpasterze parafii<\/h2>\t\t\t\t<\/div>\n\t\t\t\t\t<\/div>\n\t\t\t\t<\/div>\n\t\t<div class=\"elementor-element elementor-element-38b6145 e-flex e-con-boxed e-con e-parent\" data-id=\"38b6145\" data-element_type=\"container\" data-e-type=\"container\">\n\t\t\t\t\t<div class=\"e-con-inner\">\n\t\t\t\t<div class=\"elementor-element elementor-element-8cde769 elementor-widget elementor-widget-text-editor\" data-id=\"8cde769\" data-element_type=\"widget\" data-e-type=\"widget\" data-widget_type=\"text-editor.default\">\n\t\t\t\t\t\t\t\t\t<p><strong>PROBOSZCZ<br \/>o. Bogus\u0142aw Augustowski CSsR, wy\u015bw. 1994 r.<\/strong><br \/>tel. 12 260 97 62<br \/>e-mail <a href=\"mailto:mbnp.krakow.podgorze@gmail.com\">mbnp.krakow.podgorze@gmail.com<\/a><\/p><p>\u00a0<\/p><p><strong>WIKARIUSZ<br \/><\/strong>o. Robert Borzyszkowski CSsR, wy\u015bw. 2023 r., \u2013 duszpasterz akademicki<\/p><div><div>\u00a0<\/div><div><strong>Pomagaj\u0105 w duszpasterstwie:<\/strong><\/div><div>o. Micha\u0142 Wielgus CSsR, wy\u015bw. 2017 r., \u2013 Katecheta<\/div><\/div>\t\t\t\t\t\t\t\t<\/div>\n\t\t\t\t\t<\/div>\n\t\t\t\t<\/div>\n\t\t<div class=\"elementor-element elementor-element-451ba43 e-flex e-con-boxed e-con e-parent\" data-id=\"451ba43\" data-element_type=\"container\" data-e-type=\"container\">\n\t\t\t\t\t<div class=\"e-con-inner\">\n\t\t\t\t<div class=\"elementor-element elementor-element-c3be968 elementor-widget elementor-widget-spacer\" data-id=\"c3be968\" data-element_type=\"widget\" data-e-type=\"widget\" data-widget_type=\"spacer.default\">\n\t\t\t\t\t\t\t<div class=\"elementor-spacer\">\n\t\t\t<div class=\"elementor-spacer-inner\"><\/div>\n\t\t<\/div>\n\t\t\t\t\t\t<\/div>\n\t\t\t\t\t<\/div>\n\t\t\t\t<\/div>\n\t\t\t\t<\/div>\n\t\t","protected":false},"excerpt":{"rendered":"<p>Duszpasterze parafii PROBOSZCZo. Bogus\u0142aw Augustowski CSsR, wy\u015bw. 1994 r.tel. 12 260 97 62e-mail mbnp.krakow.podgorze@gmail.com \u00a0 WIKARIUSZo. Robert Borzyszkowski CSsR, wy\u015bw. 2023 r., \u2013 duszpasterz akademicki \u00a0Pomagaj\u0105 w duszpasterstwie:o. Micha\u0142 Wielgus CSsR, wy\u015bw. 2017 r., \u2013 Katecheta<\/p>\n","protected":false},"author":1,"featured_media":0,"parent":10,"menu_order":0,"comment_status":"closed","ping_status":"closed","template":"","meta":{"footnotes":""},"class_list":["post-34","page","type-page","status-publish","hentry"],"_links":{"self":[{"href":"https:\/\/mbnp.fastllama.pl\/index.php?rest_route=\/wp\/v2\/pages\/34","targetHints":{"allow":["GET"]}}],"collection":[{"href":"https:\/\/mbnp.fastllama.pl\/index.php?rest_route=\/wp\/v2\/pages"}],"about":[{"href":"https:\/\/mbnp.fastllama.pl\/index.php?rest_route=\/wp\/v2\/types\/page"}],"author":[{"embeddable":true,"href":"https:\/\/mbnp.fastllama.pl\/index.php?rest_route=\/wp\/v2\/users\/1"}],"replies":[{"embeddable":true,"href":"https:\/\/mbnp.fastllama.pl\/index.php?rest_route=%2Fwp%2Fv2%2Fcomments&post=34"}],"version-history":[{"count":4,"href":"https:\/\/mbnp.fastllama.pl\/index.php?rest_route=\/wp\/v2\/pages\/34\/revisions"}],"predecessor-version":[{"id":8766,"href":"https:\/\/mbnp.fastllama.pl\/index.php?rest_route=\/wp\/v2\/pages\/34\/revisions\/8766"}],"up":[{"embeddable":true,"href":"https:\/\/mbnp.fastllama.pl\/index.php?rest_route=\/wp\/v2\/pages\/10"}],"wp:attachment":[{"href":"https:\/\/mbnp.fastllama.pl\/index.php?rest_route=%2Fwp%2Fv2%2Fmedia&parent=34"}],"curies":[{"name":"wp","href":"https:\/\/api.w.org\/{rel}","templated":true}]}}